{"id":2999,"date":"2024-10-24T14:55:24","date_gmt":"2024-10-24T12:55:24","guid":{"rendered":"https:\/\/www.carriere-lagadec.fr\/?page_id=2999"},"modified":"2025-02-26T15:10:01","modified_gmt":"2025-02-26T14:10:01","slug":"dap-accueil-dechets-inertes","status":"publish","type":"page","link":"https:\/\/www.carriere-lagadec.fr\/?page_id=2999","title":{"rendered":"DAP \u2013 Demande d\u2019acceptation pr\u00e9alable"},"content":{"rendered":"<p>La tra\u00e7abilit\u00e9 des d\u00e9chets inertes\u00a0 est une obligation r\u00e9glementaire (Arr\u00eat\u00e9s minist\u00e9riels du 22\/09\/1994 et du 31\/05\/2021).\u00a0 \u00a0La transmission d\u2019une\u00a0 Demande d\u2019Acceptation Pr\u00e9alable (DAP) par le client est obligatoire avant toute livraison de d\u00e9chets inertes sur nos sites.<\/p>\n<p>Vous devez nous transmettre<strong> une fiche de Demande d\u2019Acceptation Pr\u00e9alable (DAP) par chantier<\/strong> au plus tard au moment de la livraison des d\u00e9chets.<\/p>\n<p>Ce document est valable pour une dur\u00e9e de 12 mois et doit \u00eatre r\u00e9alis\u00e9 par chantier.<\/p>\n<p><a href=\"https:\/\/www.carriere-lagadec.fr\/wp-content\/uploads\/2025\/02\/DAP-CARLAG-2025.docx\">Cliquez ici<\/a> pour t\u00e9l\u00e9charger le document.<\/p>\n<p>&nbsp;<\/p>\n<p>&nbsp;<\/p>\n","protected":false},"excerpt":{"rendered":"La tra\u00e7abilit\u00e9 des d\u00e9chets inertes\u00a0 est une obligation r\u00e9glementaire (Arr\u00eat\u00e9s minist\u00e9riels du 22\/09\/1994 et du 31\/05\/2021).\u00a0 \u00a0La transmission d\u2019une\u00a0 Demande d\u2019Acceptation Pr\u00e9alable (DAP) par le client est obligatoire avant toute livraison de d\u00e9chets inertes sur nos sites. Vous devez nous transmettre une fiche de Demande d\u2019Acceptation Pr\u00e9alable (DAP) par chantier au plus tard au moment [&hellip;]\n","protected":false},"author":18,"featured_media":3003,"parent":0,"menu_order":1,"comment_status":"closed","ping_status":"closed","template":"","meta":{"_acf_changed":false,"footnotes":""},"acf":[],"yoast_head":"<!-- This site is optimized with the Yoast SEO plugin v22.5 - https:\/\/yoast.com\/wordpress\/plugins\/seo\/ -->\n<title>DAP \u2013 Demande d\u2019acceptation pr\u00e9alable - Carri\u00e8res Lagadec<\/title>\n<meta name=\"description\" content=\"Pour garantir la tra\u00e7abilit\u00e9 des d\u00e9chets inertes,\u00a0 il est indispensable de nous faire parvenir une Demande d&#039;Acceptation Pr\u00e9alable (DAP) avant tout d\u00e9p\u00f4t sur nos sites. %\" \/>\n<meta name=\"robots\" content=\"index, follow, max-snippet:-1, max-image-preview:large, max-video-preview:-1\" \/>\n<link rel=\"canonical\" href=\"https:\/\/www.carriere-lagadec.fr\/?page_id=2999\" \/>\n<meta property=\"og:locale\" content=\"fr_FR\" \/>\n<meta property=\"og:type\" content=\"article\" \/>\n<meta property=\"og:title\" content=\"DAP \u2013 Demande d\u2019acceptation pr\u00e9alable - Carri\u00e8res Lagadec\" \/>\n<meta property=\"og:description\" content=\"Pour garantir la tra\u00e7abilit\u00e9 des d\u00e9chets inertes,\u00a0 il est indispensable de nous faire parvenir une Demande d&#039;Acceptation Pr\u00e9alable (DAP) avant tout d\u00e9p\u00f4t sur nos sites. %\" \/>\n<meta property=\"og:url\" content=\"https:\/\/www.carriere-lagadec.fr\/?page_id=2999\" \/>\n<meta property=\"og:site_name\" content=\"Carri\u00e8res Lagadec\" \/>\n<meta property=\"article:modified_time\" content=\"2025-02-26T14:10:01+00:00\" \/>\n<meta property=\"og:image\" content=\"https:\/\/www.carriere-lagadec.fr\/wp-content\/uploads\/2024\/10\/dap.png\" \/>\n\t<meta property=\"og:image:width\" content=\"945\" \/>\n\t<meta property=\"og:image:height\" content=\"945\" \/>\n\t<meta property=\"og:image:type\" content=\"image\/png\" \/>\n<meta name=\"twitter:card\" content=\"summary_large_image\" \/>\n<meta name=\"twitter:label1\" content=\"Dur\u00e9e de lecture estim\u00e9e\" \/>\n\t<meta name=\"twitter:data1\" content=\"1 minute\" \/>\n<script type=\"application\/ld+json\" class=\"yoast-schema-graph\">{\"@context\":\"https:\/\/schema.org\",\"@graph\":[{\"@type\":\"WebPage\",\"@id\":\"https:\/\/www.carriere-lagadec.fr\/?page_id=2999\",\"url\":\"https:\/\/www.carriere-lagadec.fr\/?page_id=2999\",\"name\":\"DAP \u2013 Demande d\u2019acceptation pr\u00e9alable - Carri\u00e8res Lagadec\",\"isPartOf\":{\"@id\":\"https:\/\/www.carriere-lagadec.fr\/#website\"},\"primaryImageOfPage\":{\"@id\":\"https:\/\/www.carriere-lagadec.fr\/?page_id=2999#primaryimage\"},\"image\":{\"@id\":\"https:\/\/www.carriere-lagadec.fr\/?page_id=2999#primaryimage\"},\"thumbnailUrl\":\"https:\/\/www.carriere-lagadec.fr\/wp-content\/uploads\/2024\/10\/dap.png\",\"datePublished\":\"2024-10-24T12:55:24+00:00\",\"dateModified\":\"2025-02-26T14:10:01+00:00\",\"description\":\"Pour garantir la tra\u00e7abilit\u00e9 des d\u00e9chets inertes,\u00a0 il est indispensable de nous faire parvenir une Demande d'Acceptation Pr\u00e9alable (DAP) avant tout d\u00e9p\u00f4t sur nos sites. %\",\"breadcrumb\":{\"@id\":\"https:\/\/www.carriere-lagadec.fr\/?page_id=2999#breadcrumb\"},\"inLanguage\":\"fr-FR\",\"potentialAction\":[{\"@type\":\"ReadAction\",\"target\":[\"https:\/\/www.carriere-lagadec.fr\/?page_id=2999\"]}]},{\"@type\":\"ImageObject\",\"inLanguage\":\"fr-FR\",\"@id\":\"https:\/\/www.carriere-lagadec.fr\/?page_id=2999#primaryimage\",\"url\":\"https:\/\/www.carriere-lagadec.fr\/wp-content\/uploads\/2024\/10\/dap.png\",\"contentUrl\":\"https:\/\/www.carriere-lagadec.fr\/wp-content\/uploads\/2024\/10\/dap.png\",\"width\":945,\"height\":945},{\"@type\":\"BreadcrumbList\",\"@id\":\"https:\/\/www.carriere-lagadec.fr\/?page_id=2999#breadcrumb\",\"itemListElement\":[{\"@type\":\"ListItem\",\"position\":1,\"name\":\"Accueil\",\"item\":\"https:\/\/www.carriere-lagadec.fr\/\"},{\"@type\":\"ListItem\",\"position\":2,\"name\":\"DAP \u2013 Demande d\u2019acceptation pr\u00e9alable\"}]},{\"@type\":\"WebSite\",\"@id\":\"https:\/\/www.carriere-lagadec.fr\/#website\",\"url\":\"https:\/\/www.carriere-lagadec.fr\/\",\"name\":\"Carri\u00e8res Lagadec\",\"description\":\"Carri\u00e8res Lagadec\",\"publisher\":{\"@id\":\"https:\/\/www.carriere-lagadec.fr\/#organization\"},\"potentialAction\":[{\"@type\":\"SearchAction\",\"target\":{\"@type\":\"EntryPoint\",\"urlTemplate\":\"https:\/\/www.carriere-lagadec.fr\/?s={search_term_string}\"},\"query-input\":\"required name=search_term_string\"}],\"inLanguage\":\"fr-FR\"},{\"@type\":\"Organization\",\"@id\":\"https:\/\/www.carriere-lagadec.fr\/#organization\",\"name\":\"Carri\u00e8res Lagadec\",\"url\":\"https:\/\/www.carriere-lagadec.fr\/\",\"logo\":{\"@type\":\"ImageObject\",\"inLanguage\":\"fr-FR\",\"@id\":\"https:\/\/www.carriere-lagadec.fr\/#\/schema\/logo\/image\/\",\"url\":\"https:\/\/www.carriere-lagadec.fr\/wp-content\/uploads\/2020\/06\/logo-carriere-lagadec.png\",\"contentUrl\":\"https:\/\/www.carriere-lagadec.fr\/wp-content\/uploads\/2020\/06\/logo-carriere-lagadec.png\",\"width\":414,\"height\":114,\"caption\":\"Carri\u00e8res Lagadec\"},\"image\":{\"@id\":\"https:\/\/www.carriere-lagadec.fr\/#\/schema\/logo\/image\/\"}}]}<\/script>\n<!-- \/ Yoast SEO plugin. -->","yoast_head_json":{"title":"DAP \u2013 Demande d\u2019acceptation pr\u00e9alable - Carri\u00e8res Lagadec","description":"Pour garantir la tra\u00e7abilit\u00e9 des d\u00e9chets inertes,\u00a0 il est indispensable de nous faire parvenir une Demande d'Acceptation Pr\u00e9alable (DAP) avant tout d\u00e9p\u00f4t sur nos sites. %","robots":{"index":"index","follow":"follow","max-snippet":"max-snippet:-1","max-image-preview":"max-image-preview:large","max-video-preview":"max-video-preview:-1"},"canonical":"https:\/\/www.carriere-lagadec.fr\/?page_id=2999","og_locale":"fr_FR","og_type":"article","og_title":"DAP \u2013 Demande d\u2019acceptation pr\u00e9alable - Carri\u00e8res Lagadec","og_description":"Pour garantir la tra\u00e7abilit\u00e9 des d\u00e9chets inertes,\u00a0 il est indispensable de nous faire parvenir une Demande d'Acceptation Pr\u00e9alable (DAP) avant tout d\u00e9p\u00f4t sur nos sites. %","og_url":"https:\/\/www.carriere-lagadec.fr\/?page_id=2999","og_site_name":"Carri\u00e8res Lagadec","article_modified_time":"2025-02-26T14:10:01+00:00","og_image":[{"width":945,"height":945,"url":"https:\/\/www.carriere-lagadec.fr\/wp-content\/uploads\/2024\/10\/dap.png","type":"image\/png"}],"twitter_card":"summary_large_image","twitter_misc":{"Dur\u00e9e de lecture estim\u00e9e":"1 minute"},"schema":{"@context":"https:\/\/schema.org","@graph":[{"@type":"WebPage","@id":"https:\/\/www.carriere-lagadec.fr\/?page_id=2999","url":"https:\/\/www.carriere-lagadec.fr\/?page_id=2999","name":"DAP \u2013 Demande d\u2019acceptation pr\u00e9alable - Carri\u00e8res Lagadec","isPartOf":{"@id":"https:\/\/www.carriere-lagadec.fr\/#website"},"primaryImageOfPage":{"@id":"https:\/\/www.carriere-lagadec.fr\/?page_id=2999#primaryimage"},"image":{"@id":"https:\/\/www.carriere-lagadec.fr\/?page_id=2999#primaryimage"},"thumbnailUrl":"https:\/\/www.carriere-lagadec.fr\/wp-content\/uploads\/2024\/10\/dap.png","datePublished":"2024-10-24T12:55:24+00:00","dateModified":"2025-02-26T14:10:01+00:00","description":"Pour garantir la tra\u00e7abilit\u00e9 des d\u00e9chets inertes,\u00a0 il est indispensable de nous faire parvenir une Demande d'Acceptation Pr\u00e9alable (DAP) avant tout d\u00e9p\u00f4t sur nos sites. %","breadcrumb":{"@id":"https:\/\/www.carriere-lagadec.fr\/?page_id=2999#breadcrumb"},"inLanguage":"fr-FR","potentialAction":[{"@type":"ReadAction","target":["https:\/\/www.carriere-lagadec.fr\/?page_id=2999"]}]},{"@type":"ImageObject","inLanguage":"fr-FR","@id":"https:\/\/www.carriere-lagadec.fr\/?page_id=2999#primaryimage","url":"https:\/\/www.carriere-lagadec.fr\/wp-content\/uploads\/2024\/10\/dap.png","contentUrl":"https:\/\/www.carriere-lagadec.fr\/wp-content\/uploads\/2024\/10\/dap.png","width":945,"height":945},{"@type":"BreadcrumbList","@id":"https:\/\/www.carriere-lagadec.fr\/?page_id=2999#breadcrumb","itemListElement":[{"@type":"ListItem","position":1,"name":"Accueil","item":"https:\/\/www.carriere-lagadec.fr\/"},{"@type":"ListItem","position":2,"name":"DAP \u2013 Demande d\u2019acceptation pr\u00e9alable"}]},{"@type":"WebSite","@id":"https:\/\/www.carriere-lagadec.fr\/#website","url":"https:\/\/www.carriere-lagadec.fr\/","name":"Carri\u00e8res Lagadec","description":"Carri\u00e8res Lagadec","publisher":{"@id":"https:\/\/www.carriere-lagadec.fr\/#organization"},"potentialAction":[{"@type":"SearchAction","target":{"@type":"EntryPoint","urlTemplate":"https:\/\/www.carriere-lagadec.fr\/?s={search_term_string}"},"query-input":"required name=search_term_string"}],"inLanguage":"fr-FR"},{"@type":"Organization","@id":"https:\/\/www.carriere-lagadec.fr\/#organization","name":"Carri\u00e8res Lagadec","url":"https:\/\/www.carriere-lagadec.fr\/","logo":{"@type":"ImageObject","inLanguage":"fr-FR","@id":"https:\/\/www.carriere-lagadec.fr\/#\/schema\/logo\/image\/","url":"https:\/\/www.carriere-lagadec.fr\/wp-content\/uploads\/2020\/06\/logo-carriere-lagadec.png","contentUrl":"https:\/\/www.carriere-lagadec.fr\/wp-content\/uploads\/2020\/06\/logo-carriere-lagadec.png","width":414,"height":114,"caption":"Carri\u00e8res Lagadec"},"image":{"@id":"https:\/\/www.carriere-lagadec.fr\/#\/schema\/logo\/image\/"}}]}},"_links":{"self":[{"href":"https:\/\/www.carriere-lagadec.fr\/index.php?rest_route=\/wp\/v2\/pages\/2999"}],"collection":[{"href":"https:\/\/www.carriere-lagadec.fr\/index.php?rest_route=\/wp\/v2\/pages"}],"about":[{"href":"https:\/\/www.carriere-lagadec.fr\/index.php?rest_route=\/wp\/v2\/types\/page"}],"author":[{"embeddable":true,"href":"https:\/\/www.carriere-lagadec.fr\/index.php?rest_route=\/wp\/v2\/users\/18"}],"replies":[{"embeddable":true,"href":"https:\/\/www.carriere-lagadec.fr\/index.php?rest_route=%2Fwp%2Fv2%2Fcomments&post=2999"}],"version-history":[{"count":7,"href":"https:\/\/www.carriere-lagadec.fr\/index.php?rest_route=\/wp\/v2\/pages\/2999\/revisions"}],"predecessor-version":[{"id":3223,"href":"https:\/\/www.carriere-lagadec.fr\/index.php?rest_route=\/wp\/v2\/pages\/2999\/revisions\/3223"}],"wp:featuredmedia":[{"embeddable":true,"href":"https:\/\/www.carriere-lagadec.fr\/index.php?rest_route=\/wp\/v2\/media\/3003"}],"wp:attachment":[{"href":"https:\/\/www.carriere-lagadec.fr\/index.php?rest_route=%2Fwp%2Fv2%2Fmedia&parent=2999"}],"curies":[{"name":"wp","href":"https:\/\/api.w.org\/{rel}","templated":true}]}}