{"id":226,"date":"2019-03-27T15:28:33","date_gmt":"2019-03-27T14:28:33","guid":{"rendered":"https:\/\/www.carriere-lagadec.fr\/?page_id=226"},"modified":"2024-05-27T16:28:34","modified_gmt":"2024-05-27T14:28:34","slug":"nos-realisations","status":"publish","type":"page","link":"https:\/\/www.carriere-lagadec.fr\/?page_id=226","title":{"rendered":"Nos actus &amp; r\u00e9alisations"},"content":{"rendered":"<p>Vous trouverez ici les faits marquants et les r\u00e9alisations majeures des Carri\u00e8res Lagadec.<\/p>\n","protected":false},"excerpt":{"rendered":"Vous trouverez ici les faits marquants et les r\u00e9alisations majeures des Carri\u00e8res Lagadec.\n","protected":false},"author":1,"featured_media":2782,"parent":0,"menu_order":9,"comment_status":"closed","ping_status":"closed","template":"templates\/realisations.php","meta":{"_acf_changed":false,"footnotes":""},"acf":[],"yoast_head":"<!-- This site is optimized with the Yoast SEO plugin v22.5 - https:\/\/yoast.com\/wordpress\/plugins\/seo\/ -->\n<title>Nos actus &amp; r\u00e9alisations - Carri\u00e8res Lagadec<\/title>\n<meta name=\"robots\" content=\"index, follow, max-snippet:-1, max-image-preview:large, max-video-preview:-1\" \/>\n<link rel=\"canonical\" href=\"https:\/\/www.carriere-lagadec.fr\/?page_id=226\" \/>\n<meta property=\"og:locale\" content=\"fr_FR\" \/>\n<meta property=\"og:type\" content=\"article\" \/>\n<meta property=\"og:title\" content=\"Nos actus &amp; r\u00e9alisations - Carri\u00e8res Lagadec\" \/>\n<meta property=\"og:description\" content=\"Vous trouverez ici les faits marquants et les r\u00e9alisations majeures des Carri\u00e8res Lagadec.\" \/>\n<meta property=\"og:url\" content=\"https:\/\/www.carriere-lagadec.fr\/?page_id=226\" \/>\n<meta property=\"og:site_name\" content=\"Carri\u00e8res Lagadec\" \/>\n<meta property=\"article:modified_time\" content=\"2024-05-27T14:28:34+00:00\" \/>\n<meta property=\"og:image\" content=\"https:\/\/www.carriere-lagadec.fr\/wp-content\/uploads\/2024\/05\/actus.png\" \/>\n\t<meta property=\"og:image:width\" content=\"1080\" \/>\n\t<meta property=\"og:image:height\" content=\"1080\" \/>\n\t<meta property=\"og:image:type\" content=\"image\/png\" \/>\n<meta name=\"twitter:card\" content=\"summary_large_image\" \/>\n<meta name=\"twitter:label1\" content=\"Dur\u00e9e de lecture estim\u00e9e\" \/>\n\t<meta name=\"twitter:data1\" content=\"1 minute\" \/>\n<script type=\"application\/ld+json\" class=\"yoast-schema-graph\">{\"@context\":\"https:\/\/schema.org\",\"@graph\":[{\"@type\":\"WebPage\",\"@id\":\"https:\/\/www.carriere-lagadec.fr\/?page_id=226\",\"url\":\"https:\/\/www.carriere-lagadec.fr\/?page_id=226\",\"name\":\"Nos actus &amp; r\u00e9alisations - Carri\u00e8res Lagadec\",\"isPartOf\":{\"@id\":\"https:\/\/www.carriere-lagadec.fr\/#website\"},\"primaryImageOfPage\":{\"@id\":\"https:\/\/www.carriere-lagadec.fr\/?page_id=226#primaryimage\"},\"image\":{\"@id\":\"https:\/\/www.carriere-lagadec.fr\/?page_id=226#primaryimage\"},\"thumbnailUrl\":\"https:\/\/www.carriere-lagadec.fr\/wp-content\/uploads\/2024\/05\/actus.png\",\"datePublished\":\"2019-03-27T14:28:33+00:00\",\"dateModified\":\"2024-05-27T14:28:34+00:00\",\"breadcrumb\":{\"@id\":\"https:\/\/www.carriere-lagadec.fr\/?page_id=226#breadcrumb\"},\"inLanguage\":\"fr-FR\",\"potentialAction\":[{\"@type\":\"ReadAction\",\"target\":[\"https:\/\/www.carriere-lagadec.fr\/?page_id=226\"]}]},{\"@type\":\"ImageObject\",\"inLanguage\":\"fr-FR\",\"@id\":\"https:\/\/www.carriere-lagadec.fr\/?page_id=226#primaryimage\",\"url\":\"https:\/\/www.carriere-lagadec.fr\/wp-content\/uploads\/2024\/05\/actus.png\",\"contentUrl\":\"https:\/\/www.carriere-lagadec.fr\/wp-content\/uploads\/2024\/05\/actus.png\",\"width\":1080,\"height\":1080},{\"@type\":\"BreadcrumbList\",\"@id\":\"https:\/\/www.carriere-lagadec.fr\/?page_id=226#breadcrumb\",\"itemListElement\":[{\"@type\":\"ListItem\",\"position\":1,\"name\":\"Accueil\",\"item\":\"https:\/\/www.carriere-lagadec.fr\/\"},{\"@type\":\"ListItem\",\"position\":2,\"name\":\"Nos actus &amp; r\u00e9alisations\"}]},{\"@type\":\"WebSite\",\"@id\":\"https:\/\/www.carriere-lagadec.fr\/#website\",\"url\":\"https:\/\/www.carriere-lagadec.fr\/\",\"name\":\"Carri\u00e8res Lagadec\",\"description\":\"Carri\u00e8res Lagadec\",\"publisher\":{\"@id\":\"https:\/\/www.carriere-lagadec.fr\/#organization\"},\"potentialAction\":[{\"@type\":\"SearchAction\",\"target\":{\"@type\":\"EntryPoint\",\"urlTemplate\":\"https:\/\/www.carriere-lagadec.fr\/?s={search_term_string}\"},\"query-input\":\"required name=search_term_string\"}],\"inLanguage\":\"fr-FR\"},{\"@type\":\"Organization\",\"@id\":\"https:\/\/www.carriere-lagadec.fr\/#organization\",\"name\":\"Carri\u00e8res Lagadec\",\"url\":\"https:\/\/www.carriere-lagadec.fr\/\",\"logo\":{\"@type\":\"ImageObject\",\"inLanguage\":\"fr-FR\",\"@id\":\"https:\/\/www.carriere-lagadec.fr\/#\/schema\/logo\/image\/\",\"url\":\"https:\/\/www.carriere-lagadec.fr\/wp-content\/uploads\/2020\/06\/logo-carriere-lagadec.png\",\"contentUrl\":\"https:\/\/www.carriere-lagadec.fr\/wp-content\/uploads\/2020\/06\/logo-carriere-lagadec.png\",\"width\":414,\"height\":114,\"caption\":\"Carri\u00e8res Lagadec\"},\"image\":{\"@id\":\"https:\/\/www.carriere-lagadec.fr\/#\/schema\/logo\/image\/\"}}]}<\/script>\n<!-- \/ Yoast SEO plugin. -->","yoast_head_json":{"title":"Nos actus &amp; r\u00e9alisations - Carri\u00e8res Lagadec","robots":{"index":"index","follow":"follow","max-snippet":"max-snippet:-1","max-image-preview":"max-image-preview:large","max-video-preview":"max-video-preview:-1"},"canonical":"https:\/\/www.carriere-lagadec.fr\/?page_id=226","og_locale":"fr_FR","og_type":"article","og_title":"Nos actus &amp; r\u00e9alisations - Carri\u00e8res Lagadec","og_description":"Vous trouverez ici les faits marquants et les r\u00e9alisations majeures des Carri\u00e8res Lagadec.","og_url":"https:\/\/www.carriere-lagadec.fr\/?page_id=226","og_site_name":"Carri\u00e8res Lagadec","article_modified_time":"2024-05-27T14:28:34+00:00","og_image":[{"width":1080,"height":1080,"url":"https:\/\/www.carriere-lagadec.fr\/wp-content\/uploads\/2024\/05\/actus.png","type":"image\/png"}],"twitter_card":"summary_large_image","twitter_misc":{"Dur\u00e9e de lecture estim\u00e9e":"1 minute"},"schema":{"@context":"https:\/\/schema.org","@graph":[{"@type":"WebPage","@id":"https:\/\/www.carriere-lagadec.fr\/?page_id=226","url":"https:\/\/www.carriere-lagadec.fr\/?page_id=226","name":"Nos actus &amp; r\u00e9alisations - Carri\u00e8res Lagadec","isPartOf":{"@id":"https:\/\/www.carriere-lagadec.fr\/#website"},"primaryImageOfPage":{"@id":"https:\/\/www.carriere-lagadec.fr\/?page_id=226#primaryimage"},"image":{"@id":"https:\/\/www.carriere-lagadec.fr\/?page_id=226#primaryimage"},"thumbnailUrl":"https:\/\/www.carriere-lagadec.fr\/wp-content\/uploads\/2024\/05\/actus.png","datePublished":"2019-03-27T14:28:33+00:00","dateModified":"2024-05-27T14:28:34+00:00","breadcrumb":{"@id":"https:\/\/www.carriere-lagadec.fr\/?page_id=226#breadcrumb"},"inLanguage":"fr-FR","potentialAction":[{"@type":"ReadAction","target":["https:\/\/www.carriere-lagadec.fr\/?page_id=226"]}]},{"@type":"ImageObject","inLanguage":"fr-FR","@id":"https:\/\/www.carriere-lagadec.fr\/?page_id=226#primaryimage","url":"https:\/\/www.carriere-lagadec.fr\/wp-content\/uploads\/2024\/05\/actus.png","contentUrl":"https:\/\/www.carriere-lagadec.fr\/wp-content\/uploads\/2024\/05\/actus.png","width":1080,"height":1080},{"@type":"BreadcrumbList","@id":"https:\/\/www.carriere-lagadec.fr\/?page_id=226#breadcrumb","itemListElement":[{"@type":"ListItem","position":1,"name":"Accueil","item":"https:\/\/www.carriere-lagadec.fr\/"},{"@type":"ListItem","position":2,"name":"Nos actus &amp; r\u00e9alisations"}]},{"@type":"WebSite","@id":"https:\/\/www.carriere-lagadec.fr\/#website","url":"https:\/\/www.carriere-lagadec.fr\/","name":"Carri\u00e8res Lagadec","description":"Carri\u00e8res Lagadec","publisher":{"@id":"https:\/\/www.carriere-lagadec.fr\/#organization"},"potentialAction":[{"@type":"SearchAction","target":{"@type":"EntryPoint","urlTemplate":"https:\/\/www.carriere-lagadec.fr\/?s={search_term_string}"},"query-input":"required name=search_term_string"}],"inLanguage":"fr-FR"},{"@type":"Organization","@id":"https:\/\/www.carriere-lagadec.fr\/#organization","name":"Carri\u00e8res Lagadec","url":"https:\/\/www.carriere-lagadec.fr\/","logo":{"@type":"ImageObject","inLanguage":"fr-FR","@id":"https:\/\/www.carriere-lagadec.fr\/#\/schema\/logo\/image\/","url":"https:\/\/www.carriere-lagadec.fr\/wp-content\/uploads\/2020\/06\/logo-carriere-lagadec.png","contentUrl":"https:\/\/www.carriere-lagadec.fr\/wp-content\/uploads\/2020\/06\/logo-carriere-lagadec.png","width":414,"height":114,"caption":"Carri\u00e8res Lagadec"},"image":{"@id":"https:\/\/www.carriere-lagadec.fr\/#\/schema\/logo\/image\/"}}]}},"_links":{"self":[{"href":"https:\/\/www.carriere-lagadec.fr\/index.php?rest_route=\/wp\/v2\/pages\/226"}],"collection":[{"href":"https:\/\/www.carriere-lagadec.fr\/index.php?rest_route=\/wp\/v2\/pages"}],"about":[{"href":"https:\/\/www.carriere-lagadec.fr\/index.php?rest_route=\/wp\/v2\/types\/page"}],"author":[{"embeddable":true,"href":"https:\/\/www.carriere-lagadec.fr\/index.php?rest_route=\/wp\/v2\/users\/1"}],"replies":[{"embeddable":true,"href":"https:\/\/www.carriere-lagadec.fr\/index.php?rest_route=%2Fwp%2Fv2%2Fcomments&post=226"}],"version-history":[{"count":6,"href":"https:\/\/www.carriere-lagadec.fr\/index.php?rest_route=\/wp\/v2\/pages\/226\/revisions"}],"predecessor-version":[{"id":2784,"href":"https:\/\/www.carriere-lagadec.fr\/index.php?rest_route=\/wp\/v2\/pages\/226\/revisions\/2784"}],"wp:featuredmedia":[{"embeddable":true,"href":"https:\/\/www.carriere-lagadec.fr\/index.php?rest_route=\/wp\/v2\/media\/2782"}],"wp:attachment":[{"href":"https:\/\/www.carriere-lagadec.fr\/index.php?rest_route=%2Fwp%2Fv2%2Fmedia&parent=226"}],"curies":[{"name":"wp","href":"https:\/\/api.w.org\/{rel}","templated":true}]}}